
46380
In base 2, what is -1000110100 - 111101110100?
-1000110101000
In base 8, what is 206270 + -5?
206263
In base 3, what is 1002 - 21021?
-20012
In base 13, what is -5 - 91345?
-9134a
In base 12, what is 2 + 65603?
65605
In base 11, what is 7296 - -4?
729a
In base 4, what is 111132 + 20022?
131220
In base 7, what is 60 + 66?
156
In base 2, what is 1011000 + 1010110?
10101110
In base 4, what is 11 + 3112003?
3112020
In base 5, what is -40142 - -23?
-40114
In base 14, what is -23 + -34932?
-34955
In base 2, what is -1000011 - 10110010100010?
-10110011100101
In base 5, what is 2033102 - 3?
2033044
In base 6, what is 221 - 115430?
-115205
In base 9, what is 364 + -674?
-310
In base 5, what is 131 + 204114?
204300
In base 11, what is 10461 - -8?
10469
In base 16, what is -5 + -500a?
-500f
In base 2, what is -111100011 + -1110010101100?
-1111010001111
In base 4, what is 1000000 - 22?
333312
In base 3, what is 11221121 - -22?
11221220
In base 9, what is 4073 + 281?
4364
In base 11, what is -1070a55 - 4?
-1070a59
In base 11, what is 19585 + -1?
19584
In base 11, what is -135 - -a28?
8a3
In base 2, what is -10010100000011 - -11100?
-10010011100111
In base 5, what is 2 - -1000230?
1000232
In base 13, what is -7 - c85b9?
-c85c3
In base 5, what is -11002133 + -32?
-11002220
In base 13, what is 20b50 - 4?
20b49
In base 6, what is -25 + 355?
330
In base 16, what is -5 + 879d?
8798
In base 6, what is 221 + 3421?
4042
In base 4, what is -1010 - 2132233?
-2133303
In base 16, what is -4 + 1616b?
16167
In base 15, what is -4 + -1acc?
-1ad1
In base 10, what is -113 - 27448?
-27561
In base 11, what is -674 + 371?
-303
In base 4, what is -1100 + 30200?
23100
In base 4, what is 3121221 + -331?
3120230
In base 7, what is 1 - 65615?
-65614
In base 3, what is -22 - 110120121?
-110120220
In base 7, what is -2 + -32155?
-32160
In base 2, what is -100011 - -1100010111?
1011110100
In base 4, what is 13003133 - 0?
13003133
In base 9, what is -3067 + -66?
-3144
In base 14, what is 4 + 3bc8?
3bcc
In base 12, what is 69 + 411b?
4188
In base 7, what is -42412 - 460?
-43202
In base 11, what is -4 - -322465?
322461
In base 3, what is 1 + -2120211?
-2120210
In base 2, what is 100 - -100000001010011111?
100000001010100011
In base 7, what is -4 + 143232?
143225
In base 13, what is 3 + b9a2?
b9a5
In base 15, what is e164 + 7?
e16b
In base 14, what is 36 - -51b?
553
In base 5, what is -2420 - 201?
-3121
In base 9, what is -67818 - -2?
-67816
In base 13, what is -1 - -1051?
1050
In base 12, what is -2588a9 - -9?
-2588a0
In base 8, what is -5 + -1302745?
-1302752
In base 7, what is -634 - 13104?
-14041
In base 6, what is 5 - -21042302?
21042311
In base 16, what is 850 - 5?
84b
In base 13, what is -1a + -1b2?
-1cc
In base 8, what is -1260117 + -5?
-1260124
In base 10, what is 34 + -419?
-385
In base 15, what is -3e3 + -44?
-437
In base 16, what is df5 - 5?
df0
In base 2, what is 1101 - 111011000010100?
-111011000000111
In base 13, what is -3 - 1b76c?
-1b772
In base 15, what is -2 + -eb9d7?
-eb9d9
In base 2, what is -101 + -110000000011100000?
-110000000011100101
In base 2, what is 11100110010000111 - -1?
11100110010001000
In base 9, what is -3 + -26580?
-26583
In base 7, what is -653 + 511?
-142
In base 11, what is -1 - -21034?
21033
In base 2, what is -100001 + -1111010011101?
-1111010111110
In base 3, what is 2112121011 - 11?
2112121000
In base 7, what is 145 - -302402?
302550
In base 2, what is -10010010 - -11010100000000?
11010001101110
In base 14, what is -6b - 141?
-1ac
In base 12, what is -67594 - -5?
-6758b
In base 7, what is -32 + 3504?
3442
In base 4, what is -1212002 + 100?
-1211302
In base 6, what is 502131102 - -1?
502131103
In base 3, what is -100022 + 2221?
-20101
In base 16, what is baa - a?
ba0
In base 15, what is -c69c - c?
-c6a9
In base 5, what is -14 + 3332214?
3332200
In base 5, what is 334100 - 12?
334033
In base 5, what is -1223031 + 43?
-1222433
In base 8, what is -33 + 1250?
1215
In base 4, what is -10 + 1311020?
1311010
In base 11, what is 1223 - 3?
1220
In base 6, what is -2331004 - -10?
-2330554
In base 16, what is -84bd + -1?
-84be
In base 14, what is 12419 + -9?
12410
In base 10, what is 26574 - -8?
26582
In base 2, what is -10010100010110 + -1011001?
-10010101101111
In base 9, what is -31087 - -1?
-31086
In base 2, what is 1011101 - 1100101101?
-1011010000
In base 7, what is 532 - -205?
1040
In base 11, what is -46381 + 5?
-46377
In base 4, what is 11 - -13012?
13023
In base 14, what is 5d080 - 12?
5d06c
In base 2, what is -1010 + 1000001?
110111
In base 14, what is b - 540?
-533
In base 16, what is 39 - b73?
-b3a
In base 10, what is 3 - 5371?
-5368
In base 10, what is -44 - 877?
-921
In base 6, what is -5 + 44425?
44420
In base 9, what is -113 + 16422?
16308
In base 5, what is 3223430 + -42?
3223333
In base 3, what is 12021120220 - 12?
12021120201
In base 14, what is -2 + -47a4?
-47a6
In base 9, what is -4 + 36638?
36634
In base 14, what is -174a5d + -3?
-174a62
In base 7, what is -1026 + -4414?
-5443
In base 9, what is 182674 - -28?
182713
In base 9, what is 37556 - -4?
37561
In base 11, what is -197a - -69?
-1911
In base 5, what is 310 - -120303?
121113
In base 5, what is 3341044 + 33?
3341132
In base 7, what is 2 - 3315621?
-3315616
In base 2, what is -10010001010000111111 + -11?
-10010001010001000010
In base 12, what is 3 - 183?
-180
In base 11, what is 52534 - -7?
52540
In base 3, what is 1 - -102010002?
102010010
In base 4, what is -3 - -33032031?
33032022
In base 4, what is -12 + 2003001101?
2003001023
In base 3, what is -12011 - -10210121?
10121110
In base 6, what is 1332 - 253?
1035
In base 7, what is 21021 + 26?
21050
In base 5, what is 12024 + -3041?
3433
In base 7, what is 1213 - -352?
1565
In base 14, what is -1a30 - 2?
-1a32
In base 10, what is -9 - -181459?
181450
In base 8, what is 7 - 3040?
-3031
In base 13, what is -21 - 970?
-991
In base 7, what is -334 + 2004?
1340
In base 6, what is 1330 - -101514?
103244
In base 3, what is -20012101121 + -1000?
-20012102121
In base 11, what is -20 - -689?
669
In base 6, what is 2043 + 2100?
4143
In base 5, what is 22103 - 1113?
20440
In base 5, what is 2 - -34333?
34340
In base 5, what is 133 - 11200?
-11012
In base 9, what is -1168 + -4?
-1173
In base 16, what is 4 + f6e?
f72
In base 4, what is 11 - 310032?
-310021
In base 7, what is 3000 - -44?
3044
In base 4, what is 2 + 12003322?
12003330
In base 9, what is 3 + 31687?
31701
In base 11, what is 1a078 - -19?
1a096
In base 15, what is 48c5 - -6?
48cb
In base 14, what is -6441d - 4?
-64423
In base 6, what is 1513 + -302?
1211
In base 16, what is -139 + -1eb?
-324
In base 15, what is 29680 - 5?
2967a
In base 16, what is 3 - 5f34?
-5f31
In base 5, what is -134 - 3330?
-4014
In base 8, what is 3 + -4556?
-4553
In base 3, what is 1001220220 - 12?
1001220201
In base 10, what is -2150 + 66?
-2084
In base 6, what is 1555152 + -21?
1555131
In base 14, what is -19 - -3a7d?
3a64
In base 10, what is 0 - -171770?
171770
In base 10, what is -49794 + -3?
-49797
In base 2, what is 100000001110100 - -111?
100000001111011
In base 7, what is -5161661 + 3?
-5161655
In base 2, what is -101110101000 + 0?
-101110101000
In base 14, what is -505 + 133?
-3b2
In base 8, what is 5 - -201017?
201024
In base 9, what is 105 - -63403?
63508
In base 16, what is -6 + 1386f?
13869
In base 8, what is 3 - 10334?
-10331
In base 3, what is 11 + 1011010100?
1011010111
In base 13, what is 444 - 329?
118
In base 8, what is -113 - -416?
303
In base 12, what is -35223 - -7?
-35218
In base 4, what is -2133113 - 31?
-2133210
In base 16, what is -2480a - 0?
-2480a
In base 6, what is -40 - -5030?
4550
In base 7, what is -3 - 1444?
-1450
In base 14, what is -14517 + -6?
-1451d
In base 13, what is -54 + -a532?
-a586
In base 10, what is 1 + 679?
680
In base 16, what is -d - -83d?
830
In base 13, what is 120 + -101?
1c
In base 2, what is 10001000001010111 + -100?
10001000001010011
In base 2, what is -111010 + -1100010111?
-1101010001
In base 11, what is -2a - 21505?
-21534
In base 11, what is -2 - -2a18?
2a16
In base 16, what is 5a - -22ab?
2305
In base 15, what is -55 + 46?
-e
In base 4, what is 23000 + -10030?
12310
In base 13, what is -5 - -31cc4?
31cbc
In base 8, what is 174766 - 4?
174762